{"id":2967,"date":"2025-08-05T15:02:52","date_gmt":"2025-08-05T13:02:52","guid":{"rendered":"https:\/\/amuil.no\/?page_id=2967"},"modified":"2025-08-05T15:05:39","modified_gmt":"2025-08-05T13:05:39","slug":"frivillig-i-amuil","status":"publish","type":"page","link":"https:\/\/amuil.no\/?page_id=2967","title":{"rendered":"Frivillig i AMUIL"},"content":{"rendered":"<h2><strong>Vil du bli frivillig i AMUIL?<\/strong><\/h2>\n<p>Frivillig arbeid er hjertet i enhver klubb, ogs\u00e5 i AMUIL. <strong><em>Frivillighet, demokrati, lojalitet og likeverd skal prege alt arbeid som foreg\u00e5r i AMUIL, og AMUIL skal bygge sin aktivitet p\u00e5 grunnverdiene idrettsglede, felleskap, helse og \u00e6rlighet<\/em><\/strong>. (Hentet fra v\u00e5r lovnorm)<\/p>\n<p>\u00c5 v\u00e6re frivillig i et ungdoms- og idrettslag gir ikke bare en enorm verdi til lokalsamfunnet, men kan ogs\u00e5 gi deg personlig noe tilbake i form av vennskap og nettverk, og gleden av \u00e5 bidra. Som frivillig f\u00e5r du v\u00e6re med p\u00e5 \u00e5 forme kulturen i laget v\u00e5rt og p\u00e5virke hvordan barn og voksne m\u00f8tes, utvikles og inkluderes.<\/p>\n<p>Vi er avhengige av frivillige som kan bidra til at alt g\u00e5r rundt i et ungdoms og idrettslag. Alt fra \u00e5 organisere faste aktiviteter gjennom \u00e5ret for barn og voksne, arrangere ulike idrettsarrangement, dugnader, og sosiale\/kulturelle m\u00f8teplasser som skal bidra til verdifulle fellesskap p\u00e5 tvers av generasjoner.<\/p>\n<p>Vi \u00f8nsker oss til enhver tid flere frivillige i klubben v\u00e5r som kan bidra inn i v\u00e5re faste aktiviteter for barn og voksne, men ogs\u00e5 p\u00e5 enkeltst\u00e5ende arrangement som vi arrangerer p\u00e5 tvers av generasjoner. Om du har lyst til \u00e5 engasjere deg, kun litt eller mer fast, \u00f8nsker vi \u00e5 h\u00f8re fra deg for en uforpliktende prat. Det er veldig mange m\u00e5ter \u00e5 bidra p\u00e5, og alle kan bidra med noe!<\/p>\n<p>Hvis du ogs\u00e5 har en ide til nye aktiviteter i klubben v\u00e5r, arrangementer vi b\u00f8r organisere etc, vil vi ogs\u00e5 gjerne h\u00f8re fra deg! <strong><em>AMUIL skal arbeide for at laget blir arena for idrettslig og sosial\/kulturell aktivitet i v\u00e5rt n\u00e6romr\u00e5de, og det skal arbeides for at AMUIL kan tilby innbyggerne et mangfoldig tilbud av aktiviteteter.<\/em><\/strong> (Hentet fra v\u00e5r lovnorm)<\/p>\n<p>Vi \u00f8nsker alts\u00e5 en stor bredde i aktivitetsniv\u00e5et, og det er gjennom innspill og ideer vi utvikler klubben v\u00e5r videre!<\/p>\n<p>Ta gjerne kontakt styret eller leder for den undergruppa du \u00f8nsker \u00e5 bidra i:&nbsp;<a href=\"https:\/\/amuil.no\/?page_id=2020\">Kontakt oss<\/a><\/p>\n<p>&nbsp;<\/p>\n<h3>Informasjon om politiattest<\/h3>\n<p>For at AMUIL skal v\u00e6re et trygt sted \u00e5 h\u00f8re til, er det krav om at alle med oppgaver i AMUIL som inneb\u00e6rer et tillits- eller ansvarsforhold til mindre\u00e5rige eller mennesker med utviklingshemming viser politiattest. <a href=\"https:\/\/amuil.no\/?page_id=2975\">Se mer info om dette her.&nbsp;<\/a><\/p>\n<p>&nbsp;<\/p>\n<p>&nbsp;<\/p>\n<p>&nbsp;<\/p>\n","protected":false},"excerpt":{"rendered":"<p>Vil du bli frivillig i AMUIL? Frivillig arbeid er hjertet i enhver klubb, ogs\u00e5 i AMUIL. Frivillighet, demokrati, lojalitet og likeverd skal prege alt arbeid som foreg\u00e5r i AMUIL, og AMUIL skal bygge sin aktivitet p\u00e5 grunnverdiene idrettsglede, felleskap, helse og \u00e6rlighet. (Hentet fra v\u00e5r lovnorm) \u00c5 v\u00e6re frivillig i et ungdoms- og idrettslag gir [&hellip;]<\/p>\n","protected":false},"author":2,"featured_media":0,"parent":0,"menu_order":0,"comment_status":"closed","ping_status":"closed","template":"","meta":{"ngg_post_thumbnail":0,"footnotes":""},"class_list":["post-2967","page","type-page","status-publish","hentry"],"_links":{"self":[{"href":"https:\/\/amuil.no\/index.php?rest_route=\/wp\/v2\/pages\/2967","targetHints":{"allow":["GET"]}}],"collection":[{"href":"https:\/\/amuil.no\/index.php?rest_route=\/wp\/v2\/pages"}],"about":[{"href":"https:\/\/amuil.no\/index.php?rest_route=\/wp\/v2\/types\/page"}],"author":[{"embeddable":true,"href":"https:\/\/amuil.no\/index.php?rest_route=\/wp\/v2\/users\/2"}],"replies":[{"embeddable":true,"href":"https:\/\/amuil.no\/index.php?rest_route=%2Fwp%2Fv2%2Fcomments&post=2967"}],"version-history":[{"count":10,"href":"https:\/\/amuil.no\/index.php?rest_route=\/wp\/v2\/pages\/2967\/revisions"}],"predecessor-version":[{"id":2992,"href":"https:\/\/amuil.no\/index.php?rest_route=\/wp\/v2\/pages\/2967\/revisions\/2992"}],"wp:attachment":[{"href":"https:\/\/amuil.no\/index.php?rest_route=%2Fwp%2Fv2%2Fmedia&parent=2967"}],"curies":[{"name":"wp","href":"https:\/\/api.w.org\/{rel}","templated":true}]}}